
What is 26 + -17 + 1 + (-5 - -8) + 3?
16
Evaluate -1 + (2 - (5 + -23 + 9)).
10
(41 - (83 - 38)) + -13 + 0
-17
Evaluate -5 - (0 + (-2 - -6) + -3) - -8.
2
Calculate 15 + -22 + (16 - 15 - -12).
6
What is -7 - ((-7 - (-1 + 1)) + -30 + 28)?
2
-33 + 44 + (6 - (5 + 4))
8
Calculate 14 + 0 + -1 - (-12 + 4 + 11).
10
Calculate 5 - ((-10 - (-12 + 8)) + (9 - 10)).
12
Evaluate (2 - 0) + (-51 - -47) + 3 + 17.
18
What is the value of 38 + (33 - 18 - 47 - -16)?
22
Evaluate 36 - 11 - 9 - 25.
-9
(-7 + 1 - 0) + -1 + -12 + 7
-12
What is the value of 8 - (95 + -61) - (-1 + -9)?
-16
Calculate 0 - (0 - (0 - -6 - 7)) - -14.
13
-2 + -2 + -2 + -2 + 4 + 6
2
107 - 124 - (3 + -8)
-12
What is (-9 - -24) + -9 + (13 - 6)?
13
11 + -14 + 1 + (-13 - -3)
-12
What is the value of -4 - (2 - 1 - -3 - 2)?
-6
-5 - (6 - ((5 - 10) + 5))
-11
Evaluate 157 + -106 - (20 + (5 - 8)).
34
What is the value of (7 + (0 - 1) - 2) + -7?
-3
Calculate 28 - 29 - -18 - (26 + -10).
1
Evaluate 23 - (-26 - 8 - -53).
4
16 + -7 - (1 - ((-10 - -2) + 11))
11
Evaluate (-42 - (34 - 88)) + 11.
23
Calculate -4 + -9 + -1 + 16.
2
What is the value of -19 - (10 + -36) - 23?
-16
What is 1 + (-14 + 9 - -8) + -21?
-17
Calculate 50 + -2 + -41 - ((1 - -1) + 22).
-17
920 + -921 + (0 + 3 - -1)
3
What is the value of -5 + (1 - 4) + 3 + 7?
2
Calculate -21 + 9 + 0 + 2 + (4 - 0).
-6
What is the value of -4 + (5 + -9 - (-5 - -8 - 11))?
0
Calculate (14 - (-15 - -7 - -42)) + 9.
-11
Evaluate (2 - -6 - 8) + -6 + -9.
-15
Calculate 22 + -11 + -33 + 13.
-9
(24 - 3) + -20 + 11
12
What is (1 - -5) + -187 + 173?
-8
Calculate (13 - 17 - (-3 + 2)) + 2.
-1
What is (4 - 2 - -6) + -7 + 6 + -3?
4
Evaluate -11 - (-29 - -12) - -1.
7
What is the value of -9 + (1 - 0) + -132 + 191 + -33?
18
Evaluate 0 - (1 - -3) - (-5 - -2 - -2).
-3
Calculate (0 - -11) + (-13 + 12 - 17) + -21.
-28
What is (-7 + -4 + 6 - -27) + -7?
15
Evaluate -43 + 14 + 14 + 5 + 0.
-10
Evaluate 5 - 11 - -5 - (7 + -24).
16
31 + (-28 - -21) + -49
-25
Calculate 4 + 0 + -12 + (-6 - (-11 - -8)).
-11
Calculate -18 + (-12 - -8 - (-8 - 2)).
-12
(12 - 4) + -2 + -9 + -11
-14
Evaluate -11 + 6 + 3 - -1 - -9.
8
What is -38 + 15 - (-8 - (-12 - -6))?
-21
Calculate -2 + 12 + -7 + (124 - 158).
-31
Evaluate 8 + -3 - 3 - (67 - 53).
-12
What is the value of -32 + 21 + (5 - 5)?
-11
What is the value of -6 + 34 + (7 - 9) + 1 - 0?
27
Calculate 1 + (10 - (1 - 1)).
11
Evaluate 15 - (8 - 3) - -10.
20
Calculate 5 + (0 + 2 - -2).
9
What is the value of (2 - -11 - (22 + 2 + -26)) + 5?
20
What is the value of -18 + (3 + 5 + -5 - -5) - 3?
-13
What is the value of (-38 - (18 - 77)) + 1 + 0?
22
-14 + (-2 - -4) + -2 - -17
3
(1 - (4 + -7)) + -9 + (1 - 2)
-6
Evaluate 27 + -27 + 13 + -19.
-6
What is -18 + -30 - -19 - (6 - (3 + -6))?
-38
36 - 12 - (-25 + 71)
-22
Calculate -4 + (0 - 0 - -5 - (16 - 11)).
-4
What is the value of 77 + -71 + 1 + -1 - 2?
4
Calculate (4 - (13 - 5)) + 2 - 1.
-3
Calculate 5 - (-24 + 18 + (-3 + -1 - -11)).
4
What is 11 - 6 - (33 - 1)?
-27
(-14 - (5 + 11)) + 19
-11
Calculate (1 - 1) + -3 - 9 - -7.
-5
What is (-39 - (39 - 71)) + 11?
4
29 + 3 + -15 + (3 - (12 - 4))
12
14 + (-2 - (-4 - (9 + -10)))
15
-43 + (50 - -9) + -19
-3
What is (-16 - (-18 - -2)) + (4 - (13 - 0))?
-9
Evaluate 24 + (-31 - 22 - -3).
-26
Calculate 8 - 6 - (-1 + 5 - 12).
10
What is (2 - 1) + -6 + -29 + (44 - 20)?
-10
What is -11 + 13 + 1 - (1 - -2)?
0
What is -17 + (-79 - -33) + 40?
-23
Evaluate (69 - 39 - 18) + -22.
-10
Evaluate (-2 - 2) + (-4 - (56 - 68)).
4
What is the value of -12 - (-4 - (9 + -19) - (-2 + 12))?
-8
Calculate (-2 - (3 + -4 - 3 - 2)) + 1.
5
What is the value of -17 - (-27 + 24 - 13)?
-1
What is the value of (-1 - -15) + (31 - 42)?
3
Evaluate 6 + (-1 - -4 - (14 - -7)).
-12
What is the value of (14 - (-10 - -10)) + -23 + 16?
7
Calculate (1 + -3 - (3 + -8)) + (66 - 60).
9
What is -2 - (-1 + -5 + 11 + -9) - -2?
4
Evaluate 12 - (-14 + (15 - 11)).
22
What is 441 + -434 + (5 + 1 - 0)?
13
What is -82 + 74 - (3 - 18)?
7
-9 + 0 - (-4 + 77 - 51)
-31
10 + -18 + 3 + 23 - 38
-20
What is -41 - ((1 - -3) + -9) - -4 - -9?
-23
Evaluate -3 + (21 - 22 - (10 - 4)).
-10
Evaluate (28 - (-28 + 64)) + 1.
-7
Evaluate (7 - 11) + -10 + 15.
1
Calculate (-5 - 4) + 5 - -13.
9
Evaluate (-2 - -1 - 4) + -13 + 9 - -13.
4
Evaluate 18 - (6 + 10) - -11.
13
Evaluate -9 + -1 - (-4 + (3 - -1) + 4).
-14
(12 - 7 - -1 - 6) + (-12 - -2)
-10
59 + -53 + 2 + 0
8
Calculate (-437 - -422) + 1 + 28.
14
3 + (-4 - 11) + (38 - 34)
-8
What is the value of 78 - (14 - -45) - (0 - -15)?
4
Calculate 1 - (-14 + 5 - -21 - -11).
-22
What is the value of 12 + (6 - 9) + -2 + 7?
14
Calculate 15 + -10 + (-24 - -6).
-13
What is the value of (-2 - 1 - 4) + (3 - (3 - 3))?
-4
(-2 - -6) + (-16 - -24) + -26
-14
23 + 1 + (-43 - -34 - 1)
14
-13 + -15 + -9 + 15
-22
What is -8 - 0 - (-19 - -6 - -24)?
-19
6 + (-23 - -10) - -10
3
(19 - 1) + -9 + -1
8
Evaluate 2 - (-16 - (-9 - 0)).
9
-5 + 4 - -2 - -12
13
Calculate (118 + -114 - (0 + -2)) + 1.
7
Evaluate 28 - (-8 + (-1 - -1) + (13 - 7)).
30
Evaluate 0 + 16 - ((8 - -11) + 6).
-9
What is the value of -64 + (-30 - (9 - 74))?
-29
What is 2 + (9 - (-4 - 9)) + -9 + -5?
10
What is 14 + (27 - (64 + -6))?
-17
What is 3 + 0 + -2 + (-6 - -19) + -20?
-6
Evaluate -68 + 60 - (2 - 21).
11
Evaluate (-2 - (-12 - -6)) + (25 - 21).
8
-6 - 4 - (-57 + 19) - (0 + 1)
27
Calculate (5 - (1 - -4 - 6) - 13) + 14.
7
What is (16 + -10 - -1) + -6 + -3?
-2
What is -17 - (46 - 40 - (2 + 0))?
-21
Evaluate -13 - -7 - (2 - 1) - (2 + 3).
-12
Calculate (-349 - -340) + (37 - 1).
27
Evaluate (-20 - -15) + 4 + 35 - 16.
18
What is the value of -22 + (6 - (-6 + (-8 - -14)))?
-16
Evaluate (11 + -13 - (-1 + -8)) + 7.
14
What is -3 + (4 - -5) + -2 - -3?
7
What is -2 + (10 - 0 - (-59 + 50))?
17
-18 + ((-41 - -39) + (0 - -4) - 8)
-24
Evaluate (221 - 229) + (-4 - 3).
-15
15 - 94 - -12 - -34
-33
What is the value of -11 + (-15 - (27 - 50))?
-3
Calculate 23 - (48 + -18 + 7).
-14
What is -25 - (-30 - -4) - -24?
25
24 - (-6 - (-24 + 2))
8
What is the value of -17 + 5 + 11 + -9?
-10
Calculate 28 + -25 + -5 + (18 - (1 - 5)).
20
What is 12 - (-1 + -9 - -13)?
9
Calculate 0 - (3 + (4 - (-12 + 6) - 3)).
-10
What is the value of -4 - (-13 - (-3 - -10 - (-13 + 13)))?
16
What is the value of (0 - 3 - (0 - (13 - 8))) + -1?
1
Calculate 2 + -10 + 1 + 3 + (-8 - -6).
-6
What is the value of -16 + (-12 - (16 + -2 + -63))?
21
(-9 - (-6 - -9)) + 3 + -4 + 1
-12
Calculate 1 + (3 - (0 + -10 - 8)) + -6.
16
Calculate -43 + (6 - -2 - -20).
-15
Evaluate 29 - 32 - (9 - (-3 - -4)).
-11
What is the value of (-3 - 6) + 10 - (3 + 1) - 3?
-6
What is (3 + -8 - 7) + 28?
16
What is (11 + -19 - 12) + 20?
0
What is the value of 13 + (1 - 6) + -24 + 25?
9
What is the value of 16 - (30 - 41 - -34)?
-7
What is 4 - (46 + -36 - (1 + 1))?
-4
Calculate (-2 - -3 - 5) + 10 - (-13 - -13).
6
Evaluate -3 + (-3 - -6) - (-12 - -11).
1
Calculate (20 - 2 - (-9 + 2 - 0)) + -7.
18
What is (-14 - (-20 - -4)) + -15?
-13
Evaluate (-34 - -39) + 0 + 15.
20
What is the value of -10 + (0 + -3 - -8 - 2)?
-7
Evaluate -62 + 91 - (0 + 7).
22
-2 - (-1 + -8 + (-1 - -7))
1
What is the value of -13 + 32 + -22 + 13?
10
-2 + 25 + -1 - (-19 - (-21 + 6))
26
What is the value of -5 - (7 + (1 - 13) + -14)?
14
(0 - (-6 - -10)) + (-1 - -7 - 3)
-1
What is 8 - 12 - -16 - 1?
11
What is the value of (7 - -15) + -20 + 1 + 11?
14
Evaluate 20 + -3 + -10 + (-1 + 1 - -15).
22
What is (-98 - -95) + 1 + (-2 - -5)?
1
Evaluate -2 + (1 - (-3 + 1)) + -67 + 66.
0
Calculate -11 + (35 - (-2 + 11 + -2 - 7)).
24
Evaluate (2 - 6) + (-8 - 2 - (4 - 17)).
-1
What is the value of 46 + -12 + -12 - -5?
27
What is (-5 - 1) + -8 + -2 + -10 + 8?
-18
Calculate -11 + -7 + 10 + -5 - 8.
-21
What is the value of 54 + -50 - (13 - 1) - -12?
4
Evaluate -7 + 1 - -11 - (28 - 44) - 5.
16
What is the value of -15 + (16 + -32 - -12)?
-19
Evaluate 132 + -163 - (-43 - 0).
12
Evaluate 1 + -23 + (35 - 37).
-24
What is 30 - 37 - (0 + (4 - 24))?
13
Evaluate (3 - 8) + 9 - 0.
4
Calculate 1 + -13 + -15 + 14.
-13
What is (4 - 43) + 16 + (7 + 0 - 0)?
-16
Calculate 137 + -154 + (-1 - (13 - 3)).
-28
Calculate (23 - 44) + 24 - (18 - (-1 - -1)).
-15
Calculate -37 + 41 - (3 + 1 + -5).
5
What is -21 + -10 + 23 - -22 - 41?
-27
Evaluate 3 - (-4 + 8) - 6.
-7
Calculate -2 + (-3 - (-10 - 0)) + 23 + -32.
-4
Evaluate 141 - 137